[INFO] fetching crate afpacket 0.2.3...
[INFO] checking afpacket-0.2.3 against master#9610dfe5a9a731ced1ea4923ecbd0c57fe367898 for beta-170-4
[INFO] extracting crate afpacket 0.2.3 into /workspace/builds/worker-4-tc1/source
[INFO] validating manifest of crates.io crate afpacket 0.2.3 on toolchain 9610dfe5a9a731ced1ea4923ecbd0c57fe367898
[INFO] running `Command { std: CARGO_HOME="/workspace/cargo-home" RUSTUP_HOME="/workspace/rustup-home" "/workspace/cargo-home/bin/cargo" "+9610dfe5a9a731ced1ea4923ecbd0c57fe367898" "metadata" "--manifest-path" "Cargo.toml" "--no-deps", kill_on_drop: false }`
[INFO] started tweaking crates.io crate afpacket 0.2.3
[INFO] finished tweaking crates.io crate afpacket 0.2.3
[INFO] tweaked toml for crates.io crate afpacket 0.2.3 written to /workspace/builds/worker-4-tc1/source/Cargo.toml
[INFO] crate crates.io crate afpacket 0.2.3 already has a lockfile, it will not be regenerated
[INFO] running `Command { std: CARGO_HOME="/workspace/cargo-home" RUSTUP_HOME="/workspace/rustup-home" "/workspace/cargo-home/bin/cargo" "+9610dfe5a9a731ced1ea4923ecbd0c57fe367898" "fetch" "--manifest-path" "Cargo.toml", kill_on_drop: false }`
[INFO] [stderr]     Updating crates.io index
[INFO] [stderr]  Downloading crates ...
[INFO] [stderr]   Downloaded tokio-macros v1.6.0
[INFO] [stderr]   Downloaded futures-core v0.3.14
[INFO] [stderr]   Downloaded wyz v0.2.0
[INFO] [stderr]   Downloaded instant v0.1.9
[INFO] [stderr]   Downloaded tap v1.0.1
[INFO] [stderr]   Downloaded cache-padded v1.1.1
[INFO] [stderr]   Downloaded slab v0.4.3
[INFO] [stderr]   Downloaded concurrent-queue v1.2.2
[INFO] [stderr]   Downloaded once_cell v1.7.2
[INFO] [stderr]   Downloaded futures-lite v1.11.3
[INFO] [stderr]   Downloaded cc v1.0.67
[INFO] [stderr]   Downloaded socket2 v0.4.0
[INFO] [stderr]   Downloaded proc-macro2 v1.0.32
[INFO] [stderr]   Downloaded polling v2.0.3
[INFO] [stderr]   Downloaded bitvec v0.19.5
[INFO] [stderr]   Downloaded nom v6.1.2
[INFO] [stderr]   Downloaded async-io v1.4.1
[INFO] [stderr]   Downloaded syn v1.0.81
[INFO] [stderr]   Downloaded arrayvec v0.5.2
[INFO] [stderr]   Downloaded pin-project-lite v0.2.6
[INFO] [stderr]   Downloaded wepoll-sys v3.0.1
[INFO] [stderr]   Downloaded fastrand v1.4.1
[INFO] [stderr]   Downloaded futures-io v0.3.14
[INFO] [stderr]   Downloaded tokio v1.14.0
[INFO] [stderr]   Downloaded lexical-core v0.7.6
[INFO] [stderr]   Downloaded libc v0.2.94
[INFO] [stderr]   Downloaded radium v0.5.3
[INFO] [stderr]   Downloaded funty v1.1.0
[INFO] running `Command { std: "docker" "create" "-v" "/var/lib/crater-agent-workspace/builds/worker-4-tc1/target:/opt/rustwide/target:rw,Z" "-v" "/var/lib/crater-agent-workspace/builds/worker-4-tc1/source:/opt/rustwide/workdir:ro,Z" "-v" "/var/lib/crater-agent-workspace/cargo-home:/opt/rustwide/cargo-home:ro,Z" "-v" "/var/lib/crater-agent-workspace/rustup-home:/opt/rustwide/rustup-home:ro,Z" "-e" "SOURCE_DIR=/opt/rustwide/workdir" "-e" "CARGO_TARGET_DIR=/opt/rustwide/target" "-e" "CARGO_HOME=/opt/rustwide/cargo-home" "-e" "RUSTUP_HOME=/opt/rustwide/rustup-home" "-w" "/opt/rustwide/workdir" "-m" "1610612736" "--user" "0:0" "--network" "none" "ghcr.io/rust-lang/crates-build-env/linux@sha256:5ff2268d62e97bff2cde7d5815dd6ed5b47097566f13b8d0ca110b04b60e07ed" "/opt/rustwide/cargo-home/bin/cargo" "+9610dfe5a9a731ced1ea4923ecbd0c57fe367898" "metadata" "--no-deps" "--format-version=1", kill_on_drop: false }`
[INFO] [stdout] 82df225ea9bf5817570b15ea2b501f048e4dd61735ddca2327af498c0e093430
[INFO] running `Command { std: "docker" "start" "-a" "82df225ea9bf5817570b15ea2b501f048e4dd61735ddca2327af498c0e093430", kill_on_drop: false }`
[INFO] running `Command { std: "docker" "inspect" "82df225ea9bf5817570b15ea2b501f048e4dd61735ddca2327af498c0e093430", kill_on_drop: false }`
[INFO] running `Command { std: "docker" "rm" "-f" "82df225ea9bf5817570b15ea2b501f048e4dd61735ddca2327af498c0e093430", kill_on_drop: false }`
[INFO] [stdout] 82df225ea9bf5817570b15ea2b501f048e4dd61735ddca2327af498c0e093430
[INFO] running `Command { std: "docker" "create" "-v" "/var/lib/crater-agent-workspace/builds/worker-4-tc1/target:/opt/rustwide/target:rw,Z" "-v" "/var/lib/crater-agent-workspace/builds/worker-4-tc1/source:/opt/rustwide/workdir:ro,Z" "-v" "/var/lib/crater-agent-workspace/cargo-home:/opt/rustwide/cargo-home:ro,Z" "-v" "/var/lib/crater-agent-workspace/rustup-home:/opt/rustwide/rustup-home:ro,Z" "-e" "SOURCE_DIR=/opt/rustwide/workdir" "-e" "CARGO_TARGET_DIR=/opt/rustwide/target" "-e" "CARGO_INCREMENTAL=0" "-e" "RUST_BACKTRACE=full" "-e" "RUSTFLAGS=--cap-lints=forbid" "-e" "RUSTDOCFLAGS=--cap-lints=forbid" "-e" "CARGO_HOME=/opt/rustwide/cargo-home" "-e" "RUSTUP_HOME=/opt/rustwide/rustup-home" "-w" "/opt/rustwide/workdir" "-m" "1610612736" "--user" "0:0" "--network" "none" "ghcr.io/rust-lang/crates-build-env/linux@sha256:5ff2268d62e97bff2cde7d5815dd6ed5b47097566f13b8d0ca110b04b60e07ed" "/opt/rustwide/cargo-home/bin/cargo" "+9610dfe5a9a731ced1ea4923ecbd0c57fe367898" "check" "--frozen" "--all" "--all-targets" "--message-format=json", kill_on_drop: false }`
[INFO] [stdout] 7faa11932ccb19b6f6a0002977406ad426ddf4cf77cccfc8699c7dceeb7fb293
[INFO] running `Command { std: "docker" "start" "-a" "7faa11932ccb19b6f6a0002977406ad426ddf4cf77cccfc8699c7dceeb7fb293", kill_on_drop: false }`
[INFO] [stderr]    Compiling proc-macro2 v1.0.32
[INFO] [stderr]    Compiling libc v0.2.94
[INFO] [stderr]     Checking cfg-if v1.0.0
[INFO] [stderr]    Compiling memchr v2.4.0
[INFO] [stderr]    Compiling radium v0.5.3
[INFO] [stderr]    Compiling syn v1.0.81
[INFO] [stderr]    Compiling log v0.4.14
[INFO] [stderr]    Compiling version_check v0.9.3
[INFO] [stderr]    Compiling lexical-core v0.7.6
[INFO] [stderr]    Compiling autocfg v1.0.1
[INFO] [stderr]     Checking wyz v0.2.0
[INFO] [stderr]     Checking funty v1.1.0
[INFO] [stderr]     Checking static_assertions v1.1.0
[INFO] [stderr]     Checking tap v1.0.1
[INFO] [stderr]     Checking arrayvec v0.5.2
[INFO] [stderr]     Checking pin-project-lite v0.2.6
[INFO] [stderr]     Checking bytes v1.1.0
[INFO] [stderr]    Compiling nom v6.1.2
[INFO] [stderr]    Compiling tokio v1.14.0
[INFO] [stderr]     Checking bitvec v0.19.5
[INFO] [stderr]    Compiling quote v1.0.10
[INFO] [stderr]     Checking mio v0.7.14
[INFO] [stderr]     Checking num_cpus v1.13.0
[INFO] [stderr]     Checking afpacket v0.2.3 (/opt/rustwide/workdir)
[INFO] [stderr]    Compiling tokio-macros v1.6.0
[INFO] [stdout] error[E0432]: unresolved import `afpacket::tokio`
[INFO] [stdout]  --> examples/async_tokio_read.rs:1:15
[INFO] [stdout]   |
[INFO] [stdout] 1 | use afpacket::tokio::RawPacketStream;
[INFO] [stdout]   |               ^^^^^ could not find `tokio` in `afpacket`
[INFO] [stdout] 
[INFO] [stdout] 
[INFO] [stdout] error[E0432]: unresolved import `afpacket::async_std`
[INFO] [stdout]  --> examples/async_std_read.rs:1:15
[INFO] [stdout]   |
[INFO] [stdout] 1 | use afpacket::async_std::RawPacketStream;
[INFO] [stdout]   |               ^^^^^^^^^ could not find `async_std` in `afpacket`
[INFO] [stdout] 
[INFO] [stdout] 
[INFO] [stdout] warning: unused import: `tokio::io::AsyncReadExt`
[INFO] [stdout]  --> examples/async_tokio_read.rs:2:5
[INFO] [stdout]   |
[INFO] [stdout] 2 | use tokio::io::AsyncReadExt;
[INFO] [stdout]   |     ^^^^^^^^^^^^^^^^^^^^^^^
[INFO] [stdout]   |
[INFO] [stdout]   = note: `#[warn(unused_imports)]` on by default
[INFO] [stdout] 
[INFO] [stdout] 
[INFO] [stdout] error[E0432]: unresolved import `futures_lite`
[INFO] [stdout]  --> examples/async_std_read.rs:2:5
[INFO] [stdout]   |
[INFO] [stdout] 2 | use futures_lite::{future, AsyncReadExt};
[INFO] [stdout]   |     ^^^^^^^^^^^^ use of undeclared crate or module `futures_lite`
[INFO] [stdout] 
[INFO] [stdout] 
[INFO] [stdout] error: aborting due to previous error; 1 warning emitted
[INFO] [stdout] 
[INFO] [stdout] 
[INFO] [stdout] For more information about this error, try `rustc --explain E0432`.
[INFO] [stdout] 
[INFO] [stderr] error: could not compile `afpacket` (example "async_tokio_read") due to 2 previous errors; 1 warning emitted
[INFO] [stderr] warning: build failed, waiting for other jobs to finish...
[INFO] [stdout] error: aborting due to 2 previous errors
[INFO] [stdout] 
[INFO] [stdout] 
[INFO] [stdout] For more information about this error, try `rustc --explain E0432`.
[INFO] [stdout] 
[INFO] [stderr] error: could not compile `afpacket` (example "async_std_read") due to 3 previous errors
[INFO] running `Command { std: "docker" "inspect" "7faa11932ccb19b6f6a0002977406ad426ddf4cf77cccfc8699c7dceeb7fb293", kill_on_drop: false }`
[INFO] running `Command { std: "docker" "rm" "-f" "7faa11932ccb19b6f6a0002977406ad426ddf4cf77cccfc8699c7dceeb7fb293", kill_on_drop: false }`
[INFO] [stdout] 7faa11932ccb19b6f6a0002977406ad426ddf4cf77cccfc8699c7dceeb7fb293
